 5336.
92
What is the greatest common divisor of 83907 and 315?
9
What is the greatest common divisor of 297 and 5540337?
99
What is the highest common divisor of 4589 and 39?
13
Calculate the greatest common divisor of 19192 and 8.
8
What is the greatest common factor of 26444 and 308?
44
What is the greatest common factor of 87040 and 51?
17
What is the greatest common divisor of 459987 and 5523?
789
What is the greatest common factor of 3763017 and 324?
81
What is the highest common factor of 6441 and 247?
19
Calculate the highest common factor of 729138 and 6.
6
Calculate the greatest common factor of 425 and 39525.
425
Calculate the highest common factor of 4348504 and 86.
86
Calculate the highest common divisor of 5911 and 124645.
257
What is the greatest common divisor of 192 and 172576?
32
Calculate the greatest common factor of 10505 and 64940.
955
Calculate the greatest common factor of 5325 and 85275.
75
Calculate the highest common factor of 8 and 1916.
4
What is the highest common divisor of 3 and 201219?
3
What is the highest common divisor of 1 and 4297?
1
Calculate the greatest common factor of 23 and 112516.
23
Calculate the highest common factor of 836 and 95000.
76
What is the greatest common factor of 70535 and 525?
5
Calculate the highest common divisor of 996 and 432.
12
Calculate the greatest common factor of 159588 and 4.
4
What is the greatest common divisor of 1330 and 265810?
190
Calculate the highest common factor of 1266 and 2418.
6
What is the greatest common factor of 72 and 22284?
36
Calculate the highest common divisor of 24108 and 2.
2
What is the greatest common factor of 2727 and 1357743?
303
Calculate the greatest common factor of 77 and 497273.
7
Calculate the greatest common divisor of 26016 and 480.
96
Calculate the greatest common factor of 132 and 3804.
12
Calculate the highest common divisor of 38624 and 952.
136
What is the greatest common divisor of 182810 and 5050?
1010
What is the highest common factor of 9920 and 775?
155
What is the highest common divisor of 3723 and 1632?
51
Calculate the greatest common divisor of 61 and 1525.
61
What is the highest common factor of 473 and 31801?
11
Calculate the highest common factor of 1377 and 2349.
81
What is the greatest common divisor of 264 and 1381?
1
Calculate the greatest common divisor of 1898301 and 636.
159
What is the highest common divisor of 18494 and 70?
14
What is the highest common divisor of 23485 and 27328?
427
What is the greatest common divisor of 1573 and 1815?
121
Calculate the highest common factor of 57 and 691087.
19
What is the greatest common divisor of 483 and 285873?
21
Calculate the highest common divisor of 4512 and 3243.
141
Calculate the highest common divisor of 8718 and 96.
6
What is the greatest common divisor of 12810 and 38892?
42
Calculate the highest common divisor of 73740 and 3528.
12
Calculate the greatest common factor of 40 and 825504.
8
Calculate the highest common divisor of 35516 and 143.
13
Calculate the greatest common factor of 542136 and 196.
196
What is the greatest common factor of 5850 and 9165?
195
What is the greatest common factor of 31 and 46872?
31
Calculate the highest common divisor of 19928 and 7520.
376
What is the highest common divisor of 313983 and 14877?
783
Calculate the highest common divisor of 35736 and 88.
8
What is the greatest common divisor of 747491 and 16439?
967
Calculate the highest common factor of 894 and 138.
6
Calculate the highest common divisor of 131022 and 957.
87
Calculate the greatest common divisor of 1023 and 496.
31
What is the greatest common divisor of 54100 and 100?
100
What is the highest common factor of 420576 and 256?
32
Calculate the highest common factor of 12 and 1096080.
12
What is the greatest common factor of 1312 and 71381?
41
Calculate the highest common factor of 715656 and 336.
24
Calculate the highest common factor of 231112 and 40.
8
Calculate the highest common factor of 125281 and 69.
23
Calculate the greatest common divisor of 94 and 445607.
47
What is the highest common divisor of 3937081 and 303?
101
Calculate the greatest common divisor of 408 and 19176.
408
What is the greatest common divisor of 66588 and 5580?
372
Calculate the highest common divisor of 3308 and 64.
4
Calculate the greatest common divisor of 2202 and 471595.
367
Calculate the highest common factor of 339553 and 1162.
83
Calculate the greatest common divisor of 160 and 70190.
10
What is the highest common divisor of 146 and 152716?
146
Calculate the greatest common divisor of 146071 and 79.
79
What is the greatest common factor of 24885 and 70?
35
Calculate the highest common factor of 5601505 and 260.
65
Calculate the highest common factor of 44830 and 50.
10
Calculate the greatest common factor of 408 and 90.
6
Calculate the greatest common factor of 63 and 3504291.
21
Calculate the greatest common divisor of 4 and 799152.
4
What is the highest common divisor of 25296 and 80?
16
What is the greatest common factor of 20685 and 63?
21
Calculate the highest common divisor of 11592 and 104.
8
Calculate the greatest common factor of 48 and 121968.
48
What is the greatest common factor of 13830 and 2100?
30
What is the greatest common factor of 317501 and 158?
79
What is the highest common divisor of 177 and 123192?
177
Calculate the greatest common factor of 976044 and 4990.
998
What is the greatest common divisor of 15903 and 18?
9
What is the greatest common factor of 142300 and 5?
5
What is the highest common divisor of 88 and 44979?
11
What is the greatest common factor of 5984 and 22132?
44
Calculate the greatest common divisor of 517 and 649.
11
What is the highest common divisor of 6325057 and 733?
733
Calculate the highest common divisor of 309 and 222171.
309
Calculate the highest common divisor of 89188 and 2574.
22
Calculate the greatest common divisor of 5667 and 126.
3
What is the highest common divisor of 324 and 11019?
3
What is the highest common factor of 27714 and 248?
62
Calculate the greatest common divisor of 64 and 3052256.
32
Calculate the greatest common factor of 48010 and 380.
10
Calculate the greatest common factor of 703 and 7923.
19
Calculate the highest common factor of 55 and 2277979.
11
Calculate the greatest common divisor of 576 and 6228.
36
What is the highest common divisor of 481640 and 170?
10
What is the highest common factor of 60 and 940020?
60
Calculate the greatest common divisor of 6612633 and 9.
9
What is the highest common divisor of 11449 and 37985?
107
What is the greatest common divisor of 262463 and 697?
17
Calculate the highest common factor of 432 and 54336.
48
What is the greatest common factor of 480 and 4516320?
480
What is the highest common divisor of 35 and 1585885?
35
Calculate the greatest common factor of 665472 and 552.
24
Calculate the highest common divisor of 396 and 6714.
18
Calculate the highest common divisor of 66 and 23046.
6
What is the greatest common divisor of 30 and 129490?
10
What is the highest common factor of 3233 and 83422?
53
What is the greatest common divisor of 567 and 8400?
21
What is the highest common factor of 9372 and 4532?
44
Calculate the highest common factor of 42 and 1778.
14
What is the greatest common factor of 4984632 and 564?
564
Calculate the greatest common divisor of 921 and 384.
3
Calculate the highest common divisor of 2135 and 1043.
7
Calculate the greatest common divisor of 273 and 28896.
21
Calculate the greatest common factor of 362178 and 54.
54
Calculate the highest common factor of 42 and 22752.
6
Calculate the greatest common factor of 3289 and 2093.
299
Calculate the greatest common factor of 112 and 671216.
112
Calculate the highest common divisor of 39974 and 5773.
23
What is the greatest common divisor of 30051 and 371?
371
What is the greatest common factor of 12395 and 32005?
185
Calculate the highest common factor of 49465 and 4355.
65
What is the greatest common divisor of 983270 and 10?
10
Calculate the greatest common factor of 3872 and 28128.
32
Calculate the highest common divisor of 3150 and 140350.
350
What is the highest common divisor of 36936 and 190?
38
Calculate the greatest common factor of 1300 and 111600.
100
What is the greatest common fac